70, 2*h + 3*o - 84325 = 0. Is h a composite number?
True
Let z = -16205 + 29014. Is z a composite number?
False
Let z = 11758 + -1679. Is z prime?
True
Let d(q) = 162*q**2 - 22*q + 19. Let h(p) = 486*p**2 - 66*p + 59. Let n(m) = 7*d(m) - 2*h(m). Is n(-8) a prime number?
True
Suppose -p - 87986 = -b - 4*p, 2*b - 2*p - 175940 = 0. Is b a prime number?
False
Suppose -5*p + 4*n = -14072, -3*p + n = 7 - 8446. Let a = p + -479. Is a a prime number?
True
Let i = -59 - -58. Let g(h) = 8616*h**3 + h**2 + 9*h + 4. Let m(c) = 2154*c**3 + 2*c + 1. Let n(l) = 2*g(l) - 9*m(l). Is n(i) a composite number?
True
Suppose -22491 = -13*w + 16*w. Let t = w - -11918. Is t a prime number?
True
Is (-758)/(20/(-270) + 148/2727) composite?
True
Let o = -122 - -128. Let p(r) = 45*r**3 - 8*r**2 - 5*r - 11. Is p(o) a composite number?
False
Suppose -3*v = 5*n - 67846, -5*n + 14*v + 67858 = 13*v. Is n a prime number?
False
Let n(k) = 5517*k + 11327. Is n(8) prime?
False
Suppose 5*g - 10*k = -19*k + 2168548, 2*k - 433709 = -g. Is g prime?
False
Suppose -3*g - 19183 = p, -g + 0*g = p + 19191. Let v = 31342 + p. Is v prime?
False
Let l(x) = 32 + 786*x**2 + 7*x + 11 - 673*x**2. Is l(-5) prime?
True
Is ((-819707)/21)/(69/9 - 8) composite?
False
Suppose 3*i - 91 = -4*i. Let k be (i/3 - 1)/(4/12). Suppose 0*x = k*x - 1550. Is x a composite number?
True
Suppose -3*i - 617182 = -5*s, -5*s - 66816 = -2*i - 683994. Is s a composite number?
True
Let s(h) be the third derivative of h**6/120 - 7*h**5/60 - 3*h**4/8 + 11*h**3/6 + 17*h**2. Let a be s(8). Suppose a*d + 6764 = 7*d. Is d composite?
True
Let a = 172 + -169. Is (-5 + 7)/(12/8762)*a a prime number?
False
Let t = 1273 + -558. Let w = -971 + 977. Suppose -d + w*d = t. Is d composite?
True
Suppose 3*p = -2*n + 18 - 66, 4*p + 64 = -3*n. Let w be p/(-4 - 6/(-3)). Suppose -265 = -w*o - 1. Is o composite?
True
Suppose 20*f + 4*f - 1161192 = 0. Is f a prime number?
True
Let m = -28775 + 78496. Is m composite?
True
Let n(s) = -1434*s - 62. Let c be n(-4). Suppose 10605 + 3598 = 5*a - j, -4*j = -2*a + c. Is a composite?
True
Let n = 174 + -166. Is ((-4)/(-6))/(n/13476) a prime number?
True
Let g(h) = -179*h**3 - 18*h**2 + 13*h - 15. Is g(-6) a composite number?
True
Suppose 6*s = -4 - 26. Let z be 5 - s/5 - 1. Suppose 0 = 3*w + z*w - 696. Is w prime?
False
Let x(h) = 12*h**2 - 5*h + 5. Suppose 14*l + 15 = 17*l. Let q be x(l). Let b = -29 + q. Is b prime?
True
Let p(h) = -37*h**3 - 26*h**3 + 8*h**3 - 5*h**2 + 5 - 3 + h. Let c be p(-3). Suppose 5*q - 1966 = c. Is q a composite number?
True
Let j be (-3892)/((-23)/(-25) + -1). Suppose -j = -30*k + 44920. Is k composite?
False
Suppose 11*m = 16755 + 10822. Is m a prime number?
False
Let j(k) = -141*k + 13. Let z be j(-3). Suppose -5*q + 321 = 2*v - z, -2*v - 314 = -2*q. Suppose 2*l = -l + q. Is l prime?
False
Suppose 24*g - 31*g = -50043. Suppose b = -2*m + g, 13*b - 9*b + 4*m = 28600. Is b prime?
True
Suppose -20844 = -21*i + 25*i. Let g = 11208 + i. Is g prime?
False
Let s(j) be the second derivative of 785*j**3/2 - 31*j**2/2 + 2*j + 27. Is s(8) composite?
True
Suppose 73*w = -46*w + 4485229. Is w composite?
False
Let m be (-4)/(-2 - -1)*(-11866)/(-4). Suppose 4*u - 3*w = 11851, -u - 2*w = 3*u - m. Is u a composite number?
True
Let p = 419784 + -297586. Is p prime?
False
Let i(c) = 11*c**2 + 168*c - 307. Is i(42) a prime number?
True
Is (-4)/5 - ((-2 - -6) + 1630587/(-15)) a prime number?
False
Let m(k) = 556*k + 4215. Is m(5) a composite number?
True
Suppose -5*k = -309 + 59. Let m = k + -52. Is (1/(-2))/(m + 1686/844) prime?
True
Let m(w) = 7*w**2 + 2*w - 1. Let d be m(2). Suppose 4*c + 58 = k - 97, -5*k = -2*c - 865. Suppose 3*o + d = -4*b + k, o = 4*b - 128. Is b a prime number?
False
Suppose -6*o = -15162 - 25254. Suppose 3*p + o = 4*m, -74*p = 4*m - 79*p - 6728. Is m a prime number?
False
Suppose 5*j - 33237 + 1860 = -3*w, 41804 = 4*w - 4*j. Let n = 18960 - w. Is n a prime number?
False
Let k(m) = 41*m + 44. Let t be k(19). Suppose -5*h + 6187 = -t. Is h*((-3)/27)/(2/(-9)) a prime number?
True
Suppose -10*c + 11*c - 3*g = 406672, g - 2033312 = -5*c. Is c a composite number?
True
Let k be (1/3)/((-13)/(-234)). Let l(f) = 24*f**3 + 2*f**2 - 8*f + 19. Is l(k) a prime number?
True
Let v(n) = -n + 4. Let w be v(1). Let o(b) = -20*b - 8. Let m be o(w). Is m/(-1) + (-9 - -10) prime?
False
Let o(u) = u**2 - 2*u - 6. Let z be -5*((-36)/15)/4. Let w be (-40 + 0/z)*(-6)/15. Is o(w) a composite number?
True
Suppose -2*w = 29*i - 25*i - 477452, 2*w = -2*i + 238734. Is i a composite number?
False
Is -15*(5 + (-20566)/27) + (-20)/(-45) a prime number?
True
Suppose 2*f - 2 - 12 = -4*r, 0 = -3*f + r. Is f*(2 + 2201)*(38 - 31) prime?
False
Let b(t) = -201*t**3 - 5*t**2 + 48*t + 425. Is b(-9) prime?
True
Let i(p) be the second derivative of 28*p**3 - 20*p + 0 + 45/2*p**2. Is i(11) prime?
False
Is 234695 - (6 - 20 - 4) composite?
False
Let f(h) = 2*h**3 + 104*h**2 + 42*h - 293. Is f(-38) prime?
True
Suppose -7*p + 28 = -35. Let k = -101 + -1. Is k*-3*1/p composite?
True
Suppose -49*s + 34*s + 50*s - 3183985 = 0. Is s a composite number?
False
Let m(b) = -5351*b - 204. Let i = -804 - -799. Is m(i) composite?
True
Suppose -q + 31*l - 26*l + 8769 = 0, 3*q - 26327 = 5*l. Is q a prime number?
True
Let z(s) = 19094*s + 643. Is z(9) composite?
False
Suppose -i + 8 + 1 = 0. Suppose 5*d = i*d. Suppose -5*k + 4*r + 811 = d, 4*k + r - 2*r - 651 = 0. Is k a prime number?
True
Let j(r) = -391*r + 296. Let y(t) = 393*t - 295. Let d(v) = -5*j(v) - 6*y(v). Is d(-33) prime?
False
Let w(h) = -14488*h - 539. Is w(-7) a prime number?
False
Suppose 82*a - 66*a - 2033168 = 0. Is a a prime number?
False
Let n = 92968 + -17507. Is n composite?
True
Suppose -5*c + 10 = -10*c. Is (245/c - 3)/(10/(-140)) composite?
True
Let n(f) = -2*f**2 + 37*f + 26. Let m be n(19). Let h(g) = 46*g + 13. Is h(m) a composite number?
True
Suppose -3291 = -3*f - w, -w = 4*f - 5097 + 709. Suppose 10 = -c + f. Is c prime?
True
Let m(o) = 360*o - 1531. Is m(66) a prime number?
True
Let p = -2311 + 4513. Let b = -1243 + p. Is b a prime number?
False
Suppose -23*j + j + 592937 - 84055 = 0. Is j composite?
False
Is (25841 - 0)*(8/28)/((-102)/(-1071)) prime?
False
Let o = -1938 + -5364. Let c = -25438 - -36903. Let d = o + c. Is d composite?
True
Let l(y) = -377*y + 244. Let i be -28 + 14 - (-1 + -2). Is l(i) a prime number?
True
Let k be 1320592/(-169) - 12/(-78). Is k/5*(9 - 23/2) composite?
False
Suppose -255*u + 254*u = -28. Suppose -5*m + 3*q + 58 + u = 0, 5*m - 92 = q. Is m prime?
True
Let p be -24 + -3 - (-2 + 3). Is 12/p - 1952/(-14) composite?
False
Suppose 43*o = 45*o - 76. Let c = o - 33. Suppose -3*u - 3703 = -c*z, 5*u - 9*u + 16 = 0. Is z a prime number?
True
Suppose 8*z - 9049 = 7*z. Suppose 12*o = z + 15419. Is o composite?
False
Let g = 6 - -9. Let n(o) = 7 + 14 + 45*o**2 - 24*o - 42*o**2 - 1. Is n(g) prime?
False
Let r(t) be the first derivative of 223*t**2 - 193*t + 107. Is r(4) composite?
True
Suppose -286*q + 5 = -287*q, 23862 = c - q. Is c prime?
True
Let d be 3/(18/(-4))*(-1279908)/56. Suppose -75*m + d = -66*m. Is m a composite number?
False
Let j be (-2)/(-15) + (-4 - (-579)/45). Suppose 0 = -7*a + 5 + j. Is (a - (0 - -181))*-1 a composite number?
False
Let b be (3/7)/(2/14). Suppose -z - 2*z = b*z. Suppose 5*u - 324 = -c, z = -c - c - 5*u + 638. Is c prime?
False
Let s = -579601 - -864120. Is s composite?
True
Let u(v) = 42*v**2 - 7*v - 470. Is u(13) composite?
True
Let a(i) = i**3 - 2*i**2 - 9*i - 3. Let u be a(4). Let j be (u/(-14))/(1/(-2)). Is (j/(-1))/(((-6)/(-2674))/3) a composite number?
True
Suppose 3*n + 15940 = 3*b - 4676, -20592 = 3*n + 3*b. Is (n - -2)/(-27 + 25) composite?
False
Is (4*339634*3/12)/((-214)/(-749)) composite?
True
Suppose -54*v = 171*v - 3514220 - 1682830. Is v composite?
True
Suppose 78*s = 112*s - 760274. Is s a composite number?
True
Is (-6)/24 + (-14)/4*(-950420)/56 composite?
True
Suppose j - 4*j - 5*t = -279866, 5*j = 2*t + 466371. Is j a prime number?
False
Let s(q) = 63*q**2 - 20*q + 58. Let i be 6*-9*7/(-42). Is s(i) prime?
False
Is (-1180367)/(-10) - (-29)/(-2030)*-21 composite?
False
Let l = 33212 + -20761. Is l prime?
True
Let j be ((-1105)/34)/(1 - (-9)/(-6)). Suppose -j = -4*c - c. Sup